True
Is 6779611 a composite number?
False
Is 66744697 a prime number?
True
Is 10016921 a prime number?
False
Is 11400377 composite?
False
Is 47963987 a composite number?
True
Is 2509069 prime?
False
Is 4326953 a composite number?
True
Is 4968979 a composite number?
False
Is 17967253 composite?
True
Is 1225661 prime?
False
Is 5769253 prime?
False
Is 32417549 composite?
False
Is 3336917 composite?
False
Is 2246549 a prime number?
False
Is 236850439 composite?
True
Is 51612793 composite?
False
Is 25317037 a prime number?
False
Is 229667147 composite?
False
Is 61984127 a prime number?
False
Is 415973 a composite number?
True
Is 212279 a prime number?
False
Is 4751683 a prime number?
False
Is 262555591 composite?
False
Is 3140629 prime?
False
Is 14937595 a composite number?
True
Is 262503649 a prime number?
False
Is 2712467 prime?
False
Is 5901899 a prime number?
False
Is 195457 a prime number?
True
Is 80816653 a prime number?
True
Is 50045453 prime?
True
Is 3015247 composite?
False
Is 849843067 composite?
False
Is 1990297 a prime number?
False
Is 64807099 composite?
True
Is 26746919 prime?
True
Is 103254587 prime?
False
Is 434683 composite?
False
Is 66082003 prime?
False
Is 10339513 a prime number?
True
Is 24029507 prime?
True
Is 17879639 composite?
False
Is 13651293 composite?
True
Is 1145954735 prime?
False
Is 3086465 a composite number?
True
Is 5808599 a composite number?
True
Is 7395749 a prime number?
True
Is 9326501 composite?
False
Is 3105629 a composite number?
False
Is 141716339 prime?
True
Is 128549 a composite number?
False
Is 109372247 a prime number?
False
Is 5073067 a composite number?
False
Is 52903633 a prime number?
True
Is 185958281 composite?
False
Is 6555149 a prime number?
False
Is 37310501 a prime number?
False
Is 14534027 composite?
False
Is 390574333 a prime number?
True
Is 59045523 composite?
True
Is 33998551 composite?
True
Is 4721397 a prime number?
False
Is 72907222 a prime number?
False
Is 29528861 composite?
False
Is 1420967 a composite number?
False
Is 249200137 a composite number?
False
Is 19036061 a composite number?
True
Is 14457697 a prime number?
False
Is 24165023 composite?
False
Is 171137059 a prime number?
True
Is 161071577 composite?
True
Is 3491743 prime?
True
Is 391872769 a prime number?
True
Is 32091511 a prime number?
True
Is 11770487 prime?
False
Is 14324407 a prime number?
False
Is 121439047 composite?
False
Is 61553123 a prime number?
False
Is 2103533 a prime number?
False
Is 68711 a composite number?
False
Is 102529181 prime?
False
Is 109063787 composite?
True
Is 315867553 composite?
False
Is 287251865 prime?
False
Is 90889 a composite number?
True
Is 109963979 a composite number?
False
Is 47137021 a composite number?
False
Is 162950003 a prime number?
True
Is 11768191 a prime number?
True
Is 9833209 prime?
False
Is 179220617 prime?
True
Is 1140281 a prime number?
True
Is 2756453 a composite number?
True
Is 136116719 a prime number?
True
Is 207563953 prime?
False
Is 213263833 composite?
False
Is 15130243 a composite number?
False
Is 37735489 prime?
False
Is 10538813 a composite number?
False
Is 3852209 composite?
False
Is 661289857 a composite number?
True
Is 459593 prime?
True
Is 47795441 a composite number?
False
Is 329339449 prime?
True
Is 75241399 a prime number?
False
Is 2001953 prime?
True
Is 2187647987 a prime number?
False
Is 90611219 a composite number?
True
Is 3336779 a prime number?
True
Is 149548889 a composite number?
True
Is 19758683 a prime number?
False
Is 5997205 composite?
True
Is 3957617 a composite number?
True
Is 10477807 a prime number?
True
Is 8754097 a composite number?
True
Is 87793 a composite number?
False
Is 13019593 composite?
True
Is 1078331 a composite number?
False
Is 177448435 a composite number?
True
Is 10803571 prime?
False
Is 745289 prime?
False
Is 69902647 a prime number?
False
Is 247519 composite?
False
Is 12427679 prime?
False
Is 4527769 prime?
True
Is 101167699 prime?
True
Is 10128473 prime?
False
Is 2650859 a prime number?
False
Is 34535909 a composite number?
False
Is 5227045 a composite number?
True
Is 112663363 a composite number?
False
Is 4149517 a prime number?
True
Is 33424091 a prime number?
False
Is 4046543 composite?
False
Is 7230479 composite?
False
Is 520061 composite?
True
Is 107053 a prime number?
True
Is 1638641 a composite number?
False
Is 1297169 prime?
True
Is 3560069 prime?
False
Is 4414937 a prime number?
True
Is 40649281 a composite number?
False
Is 30575749 composite?
True
Is 72180733 composite?
False
Is 4929803 a composite number?
True
Is 14401859 a prime number?
True
Is 43689157 a composite number?
False
Is 25520309 composite?
False
Is 10619093 a prime number?
True
Is 36742547 a prime number?
False
Is 90250609 a prime number?
False
Is 34002151 a prime number?
True
Is 5386687 prime?
True
Is 20850118 prime?
False
Is 151518377 a composite number?
True
Is 7662113 a composite number?
True
Is 1239229 a prime number?
True
Is 172147 prime?
True
Is 60323183 prime?
True
Is 4507837 composite?
False
Is 262972819 composite?
False
Is 14165617 composite?
False
Is 1741703 prime?
False
Is 6572617 prime?
True
Is 836431 a composite number?
True
Is 28682087 composite?
True
Is 7325041 a composite number?
True
Is 354461369 a composite number?
True
Is 92197679 composite?
True
Is 671386657 composite?
False
Is 3985223 prime?
False
Is 11576797 composite?
True
Is 33327479 composite?
False
Is 40021031 a composite number?
True
Is 294941 prime?
False
Is 191260847 a prime number?
False
Is 4099321 a prime number?
True
Is 1980491 a prime number?
True
Is 165144398 a composite number?
True
Is 21857 composite?
True
Is 1235041 a prime number?
True
Is 63212059 a prime number?
True
Is 629512105 a prime number?
False
Is 160244603 prime?
False
Is 28978465 prime?
False
Is 7264805 a composite number?
True
Is 43433987 a prime number?
True
Is 8046551 prime?
True
Is 80782873 composite?
False
Is 30844009 a composite number?
True
Is 15309569 composite?
True
Is 323411147 a composite number?
False
Is 104418217 a prime number?
True
Is 8399591 a prime number?
False
Is 673744223 a prime number?
True
Is 1471073 prime?
False
Is 92200021 a composite number?
True
Is 8350249 a prime number?
True
Is 16889305 composite?
True
Is 47797379 a composite number?
True
Is 8644091 prime?
True
Is 15769759 composite?
False
Is 41264887 prime?
True
Is 440641 a composite number?
False
Is 55822721 composite?
False
Is 21774517 prime?
True
Is 110247391 prime?
True
Is 12457703 composite?
True
Is 238777321 a prime number?
False
Is 133649 a composite number?
False
Is 1823923 prime?
False
Is 407633 a prime number?
True
Is 310838389 a prime number?
True
Is 122505497 a composite number?
False
Is 80536189 composite?
True
Is 70319453 composite?
False
Is 1189547 a composite number?
True
Is 32226323 a composite number?
False
Is 14694587 prime?
False
Is 15241997 a composite number?
False
Is 10200653 a prime number?
False
Is 7080713 composite?
False
Is 58126361 composite?
True
Is 34308919 prime?
False
Is 7101845 prime?
False
Is 53977367 composite?
True
Is 59019881 a composite number?
True
Is 676171 a composite number?
False
Is 8165087 composite?
True
Is 2892317 a prime number?
False
Is 7909021 a prime number?
True
Is 1173059 composite?
False
Is 42067739 a composite number?
True
Is 21428123 prime?
True
Is 21448649 prime?
False
Is 3998171 prime?
True
Is 152095553 composite?
False
Is 456239137 a composite number?
False
Is 218731 a prime number?
False
Is 44503469 a composite number?
True
Is 4918361 a composite number?
True
Is 5445823 composite?
True
Is 81752681 a composite number?
True
Is 11683922 prime?
False
Is 12842997 a prime number?
False
Is 15678959 composite?
False
Is 18012409 composite?
False
Is 1193347 a prime number?
False
Is 12323197 a prime number?
True
Is 989293 composite?
False
Is 9074509 a composite number?
True
Is 825161 a composite number?
False
Is 67682339 prime?
True
Is 1355925955 prime?
False
Is 403903727 prime?
True
Is 972578554 a prime number?
False
Is 63070921 composite?
False
Is 100544263 prime?
True
Is 1664747 a prime number?
False
Is 14404477 a prime number?
False
Is 2999483 composite?
False
Is 22681 prime?
False
Is 25725451 composite?
False
Is 86867329 composite?
False
Is 1130299 composite?
False
